 remainder when 284 is divided by 95?
94
What is the remainder when 333 is divided by 45?
18
What is the remainder when 5884 is divided by 29?
26
What is the remainder when 1629 is divided by 68?
65
What is the remainder when 150 is divided by 37?
2
What is the remainder when 1676 is divided by 24?
20
What is the remainder when 221 is divided by 217?
4
What is the remainder when 1023 is divided by 19?
16
What is the remainder when 2887 is divided by 2?
1
Calculate the remainder when 1251 is divided by 614.
23
Calculate the remainder when 457 is divided by 30.
7
What is the remainder when 23 is divided by 13?
10
Calculate the remainder when 380 is divided by 60.
20
Calculate the remainder when 10464 is divided by 19.
14
What is the remainder when 412 is divided by 228?
184
Calculate the remainder when 620 is divided by 23.
22
What is the remainder when 362 is divided by 5?
2
Calculate the remainder when 537 is divided by 527.
10
What is the remainder when 118 is divided by 10?
8
What is the remainder when 119 is divided by 41?
37
What is the remainder when 573 is divided by 75?
48
What is the remainder when 1068 is divided by 21?
18
What is the remainder when 11478 is divided by 164?
162
Calculate the remainder when 4001 is divided by 6.
5
Calculate the remainder when 652 is divided by 90.
22
Calculate the remainder when 215 is divided by 11.
6
Calculate the remainder when 155 is divided by 39.
38
What is the remainder when 7395 is divided by 9?
6
What is the remainder when 136 is divided by 46?
44
Calculate the remainder when 156 is divided by 39.
0
What is the remainder when 296 is divided by 83?
47
Calculate the remainder when 53 is divided by 1.
0
Calculate the remainder when 45 is divided by 20.
5
What is the remainder when 83 is divided by 62?
21
What is the remainder when 1659 is divided by 119?
112
What is the remainder when 35 is divided by 8?
3
What is the remainder when 1052 is divided by 518?
16
What is the remainder when 427 is divided by 18?
13
What is the remainder when 340 is divided by 72?
52
What is the remainder when 542 is divided by 17?
15
What is the remainder when 4847 is divided by 36?
23
What is the remainder when 120 is divided by 41?
38
What is the remainder when 265 is divided by 45?
40
What is the remainder when 23891 is divided by 22?
21
What is the remainder when 105 is divided by 27?
24
What is the remainder when 354 is divided by 19?
12
Calculate the remainder when 93 is divided by 66.
27
What is the remainder when 3513 is divided by 169?
133
What is the remainder when 139 is divided by 36?
31
What is the remainder when 86 is divided by 22?
20
Calculate the remainder when 281 is divided by 69.
5
What is the remainder when 61 is divided by 3?
1
Calculate the remainder when 283 is divided by 26.
23
What is the remainder when 207 is divided by 98?
11
Calculate the remainder when 71 is divided by 2.
1
Calculate the remainder when 1242 is divided by 78.
72
Calculate the remainder when 552 is divided by 20.
12
What is the remainder when 617 is divided by 43?
15
Calculate the remainder when 149 is divided by 69.
11
What is the remainder when 160 is divided by 9?
7
Calculate the remainder when 681 is divided by 76.
73
What is the remainder when 305 is divided by 15?
5
Calculate the remainder when 107 is divided by 11.
8
What is the remainder when 167 is divided by 5?
2
Calculate the remainder when 187 is divided by 28.
19
Calculate the remainder when 3064 is divided by 75.
64
Calculate the remainder when 460 is divided by 14.
12
Calculate the remainder when 444 is divided by 3.
0
Calculate the remainder when 1244 is divided by 348.
200
Calculate the remainder when 186 is divided by 56.
18
What is the remainder when 410 is divided by 83?
78
Calculate the remainder when 123 is divided by 104.
19
What is the remainder when 1233 is divided by 103?
100
Calculate the remainder when 2517 is divided by 13.
8
What is the remainder when 195 is divided by 22?
19
Calculate the remainder when 765 is divided by 19.
5
What is the remainder when 438 is divided by 7?
4
What is the remainder when 338 is divided by 17?
15
Calculate the remainder when 1285 is divided by 141.
16
Calculate the remainder when 2290 is divided by 114.
10
What is the remainder when 1461 is divided by 314?
205
Calculate the remainder when 1976 is divided by 181.
166
Calculate the remainder when 279 is divided by 67.
11
What is the remainder when 1232 is divided by 13?
10
What is the remainder when 205 is divided by 107?
98
What is the remainder when 1870 is divided by 13?
11
Calculate the remainder when 3388 is divided by 11.
0
Calculate the remainder when 385 is divided by 46.
17
What is the remainder when 1783 is divided by 255?
253
Calculate the remainder when 1556 is divided by 13.
9
What is the remainder when 334 is divided by 309?
25
Calculate the remainder when 161 is divided by 18.
17
What is the remainder when 3324 is divided by 236?
20
Calculate the remainder when 1560 is divided by 258.
12
What is the remainder when 77 is divided by 18?
5
What is the remainder when 1122 is divided by 440?
242
Calculate the remainder when 3898 is divided by 52.
50
Calculate the remainder when 230 is divided by 46.
0
What is the remainder when 17339 is divided by 51?
50
Calculate the remainder when 907 is divided by 898.
9
Calculate the remainder when 40 is divided by 27.
13
What is the remainder when 241 is divided by 49?
45
What is the remainder when 164 is divided by 30?
14
Calculate the remainder when 110 is divided by 19.
15
What is the remainder when 297 is divided by 81?
54
What is the remainder when 738 is divided by 39?
36
What is the remainder when 769 is divided by 35?
34
Calculate the remainder when 6795 is divided by 2262.
9
Calculate the remainder when 81 is divided by 46.
35
Calculate the remainder when 519 is divided by 309.
210
What is the remainder when 664 is divided by 146?
80
What is the remainder when 1080 is divided by 50?
30
What is the remainder when 69 is divided by 5?
4
What is the remainder when 359 is divided by 39?
8
Calculate the remainder when 839 is divided by 266.
41
Calculate the remainder when 113 is divided by 95.
18
Calculate the remainder when 142 is divided by 37.
31
What is the remainder when 138 is divided by 124?
14
What is the remainder when 151 is divided by 12?
7
What is the remainder when 663 is divided by 135?
123
Calculate the remainder when 199 is divided by 64.
7
Calculate the remainder when 323 is divided by 75.
23
What is the remainder when 1610 is divided by 229?
7
What is the remainder when 341 is divided by 340?
1
What is the remainder when 1380 is divided by 66?
60
Calculate the remainder when 1497 is divided by 72.
57
What is the remainder when 19 is divided by 8?
3
Calculate the remainder when 773 is divided by 701.
72
What is the remainder when 4295 is divided by 172?
167
Calculate the remainder when 194 is divided by 193.
1
Calculate the remainder when 270 is divided by 46.
40
What is the remainder when 641 is divided by 19?
14
What is the remainder when 137 is divided by 95?
42
What is the remainder when 4916 is divided by 1226?
12
Calculate the remainder when 1440 is divided by 37.
34
What is the remainder when 78 is divided by 51?
27
Calculate the remainder when 826 is divided by 18.
16
Calculate the remainder when 503 is divided by 1.
0
Calculate the remainder when 1030 is divided by 129.
127
Calculate the remainder when 557 is divided by 93.
92
What is the remainder when 272 is divided by 100?
72
Calculate the remainder when 1094 is divided by 16.
6
Calculate the remainder when 53 is divided by 30.
23
Calculate the remainder when 710 is divided by 7.
3
Calculate the remainder when 7770 is divided by 96.
90
Calculate the remainder when 96 is divided by 50.
46
What is the remainder when 1347 is divided by 150?
147
What is the remainder when 602 is divided by 197?
11
What is the remainder when 1055 is divided by 53?
48
What is the remainder when 36719 is divided by 45?
44
What is the remainder when 418 is divided by 247?
171
Calculate the remainder when 66 is divided by 34.
32
What is the remainder when 305 is divided by 148?
9
Calculate the remainder when 75 is divided by 41.
34
What is the remainder wh